{"id":13,"date":"2022-07-04T12:27:33","date_gmt":"2022-07-04T10:27:33","guid":{"rendered":"https:\/\/www.fleursdesours.com\/?page_id=13"},"modified":"2022-10-28T22:57:49","modified_gmt":"2022-10-28T20:57:49","slug":"notre-histoire","status":"publish","type":"page","link":"https:\/\/www.fleursdesours.com\/index.php\/notre-histoire\/","title":{"rendered":"Qui sommes-nous?"},"content":{"rendered":"\t\t<div data-elementor-type=\"wp-page\" data-elementor-id=\"13\" class=\"elementor elementor-13\">\n\t\t\t\t\t\t\t\t\t<section class=\"elementor-section elementor-top-section elementor-element elementor-element-66b8d86 elementor-section-boxed elementor-section-height-default elementor-section-height-default\" data-id=\"66b8d86\" data-element_type=\"section\">\n\t\t\t\t\t\t<div class=\"elementor-container elementor-column-gap-default\">\n\t\t\t\t\t<div class=\"elementor-column elementor-col-50 elementor-top-column elementor-element elementor-element-fc506ab\" data-id=\"fc506ab\" data-element_type=\"column\">\n\t\t\t<div class=\"elementor-widget-wrap elementor-element-populated\">\n\t\t\t\t\t\t\t\t<div class=\"elementor-element elementor-element-4dee174 elementor-widget elementor-widget-text-editor\" data-id=\"4dee174\" data-element_type=\"widget\" data-widget_type=\"text-editor.default\">\n\t\t\t\t<div class=\"elementor-widget-container\">\n\t\t\t<style>\/*! elementor - v3.7.8 - 02-10-2022 *\/\n.elementor-widget-text-editor.elementor-drop-cap-view-stacked .elementor-drop-cap{background-color:#818a91;color:#fff}.elementor-widget-text-editor.elementor-drop-cap-view-framed .elementor-drop-cap{color:#818a91;border:3px solid;background-color:transparent}.elementor-widget-text-editor:not(.elementor-drop-cap-view-default) .elementor-drop-cap{margin-top:8px}.elementor-widget-text-editor:not(.elementor-drop-cap-view-default) .elementor-drop-cap-letter{width:1em;height:1em}.elementor-widget-text-editor .elementor-drop-cap{float:left;text-align:center;line-height:1;font-size:50px}.elementor-widget-text-editor .elementor-drop-cap-letter{display:inline-block}<\/style>\t\t\t\t<p>Derri\u00e8re Fleurs des Ours se cache un GAEC (Groupement Agricole d&#8217;Exploitation en Commun) de 3 associ\u00e9s en production laiti\u00e8re, sur la commune de Choisy, en Haute-Savoie.<\/p>\n<p>Alors, pourquoi des plantes aromatiques et m\u00e9dicinales?<\/p>\n<p>D&#8217;abord constitu\u00e9 de Damien et Fr\u00e9d\u00e9ric sur un \u00e9levage vaches laiti\u00e8res, puis rejoint par Emilie, l&#8217;exploitation agricole s&#8217;est diversifi\u00e9e en 2021.<\/p>\n<p><br \/>Nous cultivons une trentaine de plantes labellis\u00e9es Agriculture Biologique, puis r\u00e9colt\u00e9es et transform\u00e9es manuellement sur la ferme.<\/p>\n<p>Certaines d&#8217;entre elles, pr\u00e9sentes en abondance \u00e0 l&#8217;\u00e9tat sauvage dans notre r\u00e9gion, sont cueillies en fonction des saisons dans le respect de la Nature.<\/p>\n<p>Aussi, nous essayons d&#8217;\u00eatre au plus pr\u00e8s des m\u00e9thodes traditionnelles, du mode de production \u00e0 la transformation des produits.<\/p>\n<p><br \/>N&#8217;h\u00e9sitez pas \u00e0 nous contacter pour plus de renseignements \ud83d\ude42<\/p>\t\t\t\t\t\t<\/div>\n\t\t\t\t<\/div>\n\t\t\t\t\t<\/div>\n\t\t<\/div>\n\t\t\t\t<div class=\"elementor-column elementor-col-25 elementor-top-column elementor-element elementor-element-8ce43d9\" data-id=\"8ce43d9\" data-element_type=\"column\">\n\t\t\t<div class=\"elementor-widget-wrap elementor-element-populated\">\n\t\t\t\t\t\t\t\t<div class=\"elementor-element elementor-element-bafb9d3 elementor-widget elementor-widget-image\" data-id=\"bafb9d3\" data-element_type=\"widget\" data-widget_type=\"image.default\">\n\t\t\t\t<div class=\"elementor-widget-container\">\n\t\t\t<style>\/*! elementor - v3.7.8 - 02-10-2022 *\/\n.elementor-widget-image{text-align:center}.elementor-widget-image a{display:inline-block}.elementor-widget-image a img[src$=\".svg\"]{width:48px}.elementor-widget-image img{vertical-align:middle;display:inline-block}<\/style>\t\t\t\t\t\t\t\t\t\t\t\t<img loading=\"lazy\" decoding=\"async\" width=\"768\" height=\"1580\" src=\"https:\/\/www.fleursdesours.com\/wp-content\/uploads\/2022\/10\/qui-sommes-nous-2-768x1580.jpg\" class=\"attachment-medium_large size-medium_large\" alt=\"\" srcset=\"https:\/\/www.fleursdesours.com\/wp-content\/uploads\/2022\/10\/qui-sommes-nous-2-768x1580.jpg 768w, https:\/\/www.fleursdesours.com\/wp-content\/uploads\/2022\/10\/qui-sommes-nous-2-146x300.jpg 146w, https:\/\/www.fleursdesours.com\/wp-content\/uploads\/2022\/10\/qui-sommes-nous-2-498x1024.jpg 498w, https:\/\/www.fleursdesours.com\/wp-content\/uploads\/2022\/10\/qui-sommes-nous-2-747x1536.jpg 747w, https:\/\/www.fleursdesours.com\/wp-content\/uploads\/2022\/10\/qui-sommes-nous-2-996x2048.jpg 996w, https:\/\/www.fleursdesours.com\/wp-content\/uploads\/2022\/10\/qui-sommes-nous-2-1320x2715.jpg 1320w, https:\/\/www.fleursdesours.com\/wp-content\/uploads\/2022\/10\/qui-sommes-nous-2-600x1234.jpg 600w, https:\/\/www.fleursdesours.com\/wp-content\/uploads\/2022\/10\/qui-sommes-nous-2-scaled.jpg 1244w\" sizes=\"auto, (max-width: 768px) 100vw, 768px\" \/>\t\t\t\t\t\t\t\t\t\t\t\t\t\t\t<\/div>\n\t\t\t\t<\/div>\n\t\t\t\t\t<\/div>\n\t\t<\/div>\n\t\t\t\t<div class=\"elementor-column elementor-col-25 elementor-top-column elementor-element elementor-element-182afc2\" data-id=\"182afc2\" data-element_type=\"column\">\n\t\t\t<div class=\"elementor-widget-wrap elementor-element-populated\">\n\t\t\t\t\t\t\t\t<div class=\"elementor-element elementor-element-9b31755 elementor-widget elementor-widget-image\" data-id=\"9b31755\" data-element_type=\"widget\" data-widget_type=\"image.default\">\n\t\t\t\t<div class=\"elementor-widget-container\">\n\t\t\t\t\t\t\t\t\t\t\t\t\t\t\t<img loading=\"lazy\" decoding=\"async\" width=\"768\" height=\"1580\" src=\"https:\/\/www.fleursdesours.com\/wp-content\/uploads\/2022\/10\/qui-sommes-ns-768x1580.jpg\" class=\"attachment-medium_large size-medium_large\" alt=\"\" srcset=\"https:\/\/www.fleursdesours.com\/wp-content\/uploads\/2022\/10\/qui-sommes-ns-768x1580.jpg 768w, https:\/\/www.fleursdesours.com\/wp-content\/uploads\/2022\/10\/qui-sommes-ns-146x300.jpg 146w, https:\/\/www.fleursdesours.com\/wp-content\/uploads\/2022\/10\/qui-sommes-ns-498x1024.jpg 498w, https:\/\/www.fleursdesours.com\/wp-content\/uploads\/2022\/10\/qui-sommes-ns-747x1536.jpg 747w, https:\/\/www.fleursdesours.com\/wp-content\/uploads\/2022\/10\/qui-sommes-ns-996x2048.jpg 996w, https:\/\/www.fleursdesours.com\/wp-content\/uploads\/2022\/10\/qui-sommes-ns-1320x2715.jpg 1320w, https:\/\/www.fleursdesours.com\/wp-content\/uploads\/2022\/10\/qui-sommes-ns-600x1234.jpg 600w, https:\/\/www.fleursdesours.com\/wp-content\/uploads\/2022\/10\/qui-sommes-ns-scaled.jpg 1244w\" sizes=\"auto, (max-width: 768px) 100vw, 768px\" \/>\t\t\t\t\t\t\t\t\t\t\t\t\t\t\t<\/div>\n\t\t\t\t<\/div>\n\t\t\t\t\t<\/div>\n\t\t<\/div>\n\t\t\t\t\t\t\t<\/div>\n\t\t<\/section>\n\t\t\t\t\t\t\t<\/div>\n\t\t","protected":false},"excerpt":{"rendered":"<p>Derri\u00e8re Fleurs des Ours se cache un GAEC (Groupement Agricole d&#8217;Exploitation en Commun) de 3 associ\u00e9s en production laiti\u00e8re, sur la commune de Choisy, en Haute-Savoie. Alors, pourquoi des plantes aromatiques et m\u00e9dicinales? D&#8217;abord constitu\u00e9 de Damien et Fr\u00e9d\u00e9ric sur un \u00e9levage vaches laiti\u00e8res, puis rejoint par Emilie, l&#8217;exploitation agricole s&#8217;est diversifi\u00e9e en 2021. Nous [&hellip;]<\/p>\n","protected":false},"author":1,"featured_media":0,"parent":0,"menu_order":0,"comment_status":"closed","ping_status":"closed","template":"","meta":{"footnotes":""},"class_list":["post-13","page","type-page","status-publish","hentry","entry","owp-thumbs-layout-horizontal","owp-btn-normal","owp-tabs-layout-horizontal","has-no-thumbnails","has-product-nav"],"_links":{"self":[{"href":"https:\/\/www.fleursdesours.com\/index.php\/wp-json\/wp\/v2\/pages\/13","targetHints":{"allow":["GET"]}}],"collection":[{"href":"https:\/\/www.fleursdesours.com\/index.php\/wp-json\/wp\/v2\/pages"}],"about":[{"href":"https:\/\/www.fleursdesours.com\/index.php\/wp-json\/wp\/v2\/types\/page"}],"author":[{"embeddable":true,"href":"https:\/\/www.fleursdesours.com\/index.php\/wp-json\/wp\/v2\/users\/1"}],"replies":[{"embeddable":true,"href":"https:\/\/www.fleursdesours.com\/index.php\/wp-json\/wp\/v2\/comments?post=13"}],"version-history":[{"count":10,"href":"https:\/\/www.fleursdesours.com\/index.php\/wp-json\/wp\/v2\/pages\/13\/revisions"}],"predecessor-version":[{"id":376,"href":"https:\/\/www.fleursdesours.com\/index.php\/wp-json\/wp\/v2\/pages\/13\/revisions\/376"}],"wp:attachment":[{"href":"https:\/\/www.fleursdesours.com\/index.php\/wp-json\/wp\/v2\/media?parent=13"}],"curies":[{"name":"wp","href":"https:\/\/api.w.org\/{rel}","templated":true}]}}